 prime factors of j.
2, 3
Suppose -4*a + 2*d = -140278 - 35636, 0 = 5*d + 15. What are the prime factors of a?
3, 107, 137
Suppose -2*i = -274*w + 279*w - 133814, 3*w - 80304 = 4*i. List the prime factors of w.
2, 6691
Let o(q) = 12*q**2 + 5*q - 6. Let m(g) be the first derivative of g**4/4 - 4*g**3/3 - g**2 + 11*g + 1. Let s be m(4). What are the prime factors of o(s)?
3, 13
Let a(t) = -291*t + 2223. What are the prime factors of a(-23)?
2, 3, 743
Let z = 13998 + 9289. What are the prime factors of z?
11, 29, 73
Let r be -2*(-8)/(-2)*30/(-12). Suppose -k + r = 3*k. Suppose -4 = -4*l, 3*l + 5 = k*n - 177. List the prime factors of n.
37
Suppose -17*x + 44101 = -128959. List the prime factors of x.
2, 5, 509
Let t = 41988 + -7473. List the prime factors of t.
3, 5, 13, 59
Suppose -y - 4*y = 4*u + 40, -2*y - 4*u - 16 = 0. Let j(d) = -d**2 - 5*d + 28. Let m be j(y). Suppose 900 = m*z + z. What are the prime factors of z?
2, 3, 5
Suppose -a + 8*n + 12522 + 16784 = 0, -4*a + n + 117255 = 0. What are the prime factors of a?
2, 14657
Suppose 10*g - g + 4338 = 0. Let u = -159 - g. What are the prime factors of u?
17, 19
Suppose -49028 = 21*v - 237335. List the prime factors of v.
3, 7, 61
Suppose 0 = 3*l - 12, -5*s - 22*l + 2785 = -27*l. Suppose 5*h - 9*y - s = -6*y, -4*y - 230 = -2*h. What are the prime factors of h?
3, 37
Suppose 3*v + 30015 = 32*v. Suppose c = -7*l + 2*l + v, -l + 4178 = 4*c. What are the prime factors of c?
5, 11, 19
Let g(f) = -f**3 + 23*f**2 - 30*f + 25. Let z be g(23). Let a = -368 - z. What are the prime factors of a?
3, 11
Suppose -a + 5*f + 19 = 0, 5*a + f + 11 = 28. Let r(i) = -9*i + 36. Let j be r(a). What are the prime factors of 5665/30 + j - (-1)/6?
3, 7
Let s be (8/3)/(16/2544). Suppose 7*o = 5*i + 4*o - 538, -4*i - 4*o = -s. What are the prime factors of i?
107
Let p = 91 + -145. Let j = -42 - p. Let f = -3 + j. What are the prime factors of f?
3
Suppose -15*q - 8040 = -18*q + p, 0 = 4*q + 2*p - 10740. List the prime factors of q.
2, 3, 149
Let n(u) = 19*u**2 + 742*u + 26. What are the prime factors of n(-45)?
19, 269
Suppose 0 = -11*d + 5796 + 7261. What are the prime factors of d?
1187
Suppose -4*k + 650 = -2*d, 0 = -3*k + 4*k - 3*d - 175. Let g = k + -240. Let j = g - -188. List the prime factors of j.
2, 3
Let d(p) = 11*p**2 - 6*p - 5. Let n be d(-4). Suppose -612 = -m - 3*o - n, -3*m - 4*o + 1271 = 0. What are the prime factors of m?
3, 11, 13
Suppose -35 - 185 = -44*s. Suppose -s*j + 11354 = 3609. What are the prime factors of j?
1549
Let p = 420 + -225. Suppose -5*o + p + 125 = 0. Let m = o - 53. What are the prime factors of m?
11
Let d be 2/5 + (-24438)/(-30). Suppose -3*k - k + 8 = 0, 5*k + d = 5*u. Suppose -4*v + u = -79. List the prime factors of v.
61
Let g = -14 - -18. Suppose 92 = 6*u - 2*u + 3*d, -2*u + g*d = -68. What are the prime factors of u?
2, 13
List the prime factors of 205894/6 + 3 + (-9)/(-216)*8.
34319
Suppose -15*p + 145930 = -46340. List the prime factors of p.
2, 13, 17, 29
Let r = 24588 - 17560. List the prime factors of r.
2, 7, 251
Suppose 0 = 5*m - 4*m - 4*i - 4906, 14698 = 3*m - 2*i. List the prime factors of m.
2, 31, 79
Suppose -24 = -4*d, -137*m - 47764 = -139*m + 5*d. What are the prime factors of m?
23, 1039
Suppose 520*b - 529*b = -16083. Let v = b + -1244. List the prime factors of v.
3, 181
Suppose -7197*p - 1159760 = -7217*p. List the prime factors of p.
2, 7, 19, 109
Let q(z) = 6715*z**2 + 5*z - 9. List the prime factors of q(1).
3, 2237
List the prime factors of 1/((-711529)/88942 - -8).
2, 6353
Let b(k) = k**3 + 34*k**2 - 94*k + 44. Let t be b(-36). Suppose -9*q + t = -19. What are the prime factors of q?
5, 19
Let p = -490 + 264. Let w(a) = 8*a**2 + 252*a + 3. Let x be w(-31). Let n = x - p. What are the prime factors of n?
3, 5, 7
Let z(f) = 70*f**3 + 18*f**2 - 43*f + 7. List the prime factors of z(3).
2, 5, 193
Let j(m) = 2136*m - 150. List the prime factors of j(28).
2, 3, 61, 163
Suppose -6865 = -s - 3*r - 1312, 2*s - r - 11085 = 0. What are the prime factors of s?
2, 3, 7, 11
Let m(d) = 431*d**2 - 190*d + 723. List the prime factors of m(4).
19
Suppose 4*u - 4*s = 12, 17 = 3*u - 5*s + 4*s. Let m be ((-4)/5)/((88/(-55))/4). Suppose u*w = -m*w + 441. List the prime factors of w.
7
Let y(a) = -212*a**2 + 6*a + 15. Let l be y(-2). Let z = l - -1258. What are the prime factors of z?
7, 59
Let c = 14003 + 1868. What are the prime factors of c?
59, 269
Let n be ((-1842)/30 + 3)/(2/(-150)). Suppose 4*p + 2*p - n = 0. What are the prime factors of p?
2, 5, 73
Let n(y) = y**3 - 2*y**3 + 11 + 2*y + 0*y**3 + 13*y**2. Suppose -4 = -2*i + 5*f, 0*i - f = -4*i + 44. What are the prime factors of n(i)?
179
Suppose -5*h - 20 = 0, 0 = 64*v - 61*v + h - 27878. List the prime factors of v.
2, 3, 1549
Let s = 66 + -63. Suppose 0 = a - k + 17247, 2*a + 34500 = -s*k - k. What are the prime factors of a/(-80) + 6/(-10)?
5, 43
Suppose -1441 = -7*j + 10221. What are the prime factors of j?
2, 7, 17
Suppose 3*g = -6*g + 90. List the prime factors of 3442/g - (8/5)/8.
2, 43
Let c be (-9)/21 + 22176/(-49) + 6. Let n = 665 + c. What are the prime factors of n?
2, 109
Suppose 0 = 5*m + w - 489, 4*w = -m - m + 192. Let p be 3213/45 - ((-64)/240 + 1/(-3)). Suppose t = m - p. List the prime factors of t.
2, 13
Let y(c) = 3*c + 19. Let v be y(-7). Let o be (v - -6)/(-2)*(-4 + -6). What are the prime factors of (29/(-3))/(o/(-300))?
5, 29
Let n = -419 - -762. Let v = 498 - 731. Let d = n + v. List the prime factors of d.
2, 5, 11
Suppose -5*a = -52*q + 53*q - 9218, 0 = 3*q - 4*a - 27540. List the prime factors of q.
2, 2297
Suppose 189 = 4*b + 513. Let d = b - -545. What are the prime factors of d?
2, 29
Let t(z) = 3*z**2 - 32*z - 36. Let o be t(16). List the prime factors of (142/8)/(-4 - (-885)/o).
11, 71
Let c(s) = s**3 + 23*s**2 + s - 54. Let f be c(-22). Suppose f = 109*k - 107*k. List the prime factors of k.
2, 3, 17
Let y(l) = 227*l - 1. Let v(f) = f**2 - f - 29. Let c be v(-5). List the prime factors of y(c).
2, 113
Let x(p) = 2487*p**2 - 290*p + 1418. What are the prime factors of x(5)?
62143
Let y(l) = 11*l**2 - 26 + 5*l**3 - 80*l - 4*l**3 + 49*l + 2. List the prime factors of y(-13).
41
Let j = -57 - -56. Let l be (-1*(-10 - -3))/(j/(-3)). Let d = l + -15. List the prime factors of d.
2, 3
Let s = -141 - -404. Suppose l - s = 89. What are the prime factors of l?
2, 11
Let v = 695 - 161. Let f = 1026 - v. Suppose 4*z = 4*s + f, -4*s + 981 = 5*z + 402. What are the prime factors of z?
7, 17
Let a be (-135)/36*(-10)/3*24. Let v be a/((-35)/(-21) - (-4)/(-6)). Suppose 2*b - 5*j = v + 125, 3*b - 610 = 2*j. What are the prime factors of b?
2, 5
Suppose -11612 - 5302 = -3*h. Suppose -5*i + 3017 = -h. List the prime factors of i.
3, 577
Suppose -10 - 22 = -8*s. Suppose 3*p - 2049 = -3*r, -2*r + s*p + 2021 = r. What are the prime factors of r?
7, 97
Suppose -33 = -11*p - 0*p. List the prime factors of p + 10/(-3) - 7104/(-36).
197
Suppose 0 = w + 4*w + 4*h + 1, -2*w + 18 = -3*h. Suppose -4*c = -2*y + 350, -533 = -w*y + 15*c - 17*c. List the prime factors of y.
3, 59
Let k(i) = -5*i + 46. Suppose -4*w - 3*g + 15 = 0, 10*w - 5*g + 25 = 5*w. List the prime factors of k(w).
2, 23
Let u(x) = -23*x**2 + 13*x + 31. Let v be u(-3). Let l = -52 - v. What are the prime factors of l?
163
Let d = -306 - -400. Let i = 955 + d. What are the prime factors of i?
1049
Let c = -29904 - -44394. What are the prime factors of c?
2, 3, 5, 7, 23
Let n(t) = -1080*t + 810. What are the prime factors of n(-6)?
2, 3, 5
Let i = -7 - 27. Let p = 39 + i. Suppose -p*g - 2*r + 40 = -0*g, 3*g - 3*r = 3. What are the prime factors of g?
2, 3
Let z(h) = -h + 30. Let w be z(20). What are the prime factors of 3174/w - 16/40?
317
Let u be 3*-1 + 66 + -31. Let w = 560 - u. What are the prime factors of w?
2, 3, 11
Suppose -21 - 24 = 5*a. Let x(l) = 13*l + 0 + 149*l**2 - 147*l**2 - 2. What are the prime factors of x(a)?
43
Let u(v) = -131*v + 184. List the prime factors of u(-135).
107, 167
Let p be 10 + 72 + -1 - (-1 + 1). Suppose 86*h = p*h + 970. List the prime factors of h.
2, 97
Let j(p) = 5*p**3 - 13*p**2 - p - 26. Let w(u) = 2*u**3 - 7*u**2 - 13. Let d(s) = -6*j(s) + 11*w(s). List the prime factors of d(-3).
2, 5, 11
Let s(u) =